{"id":4192,"date":"2025-07-24T14:03:39","date_gmt":"2025-07-24T12:03:39","guid":{"rendered":"https:\/\/www.depistage-cancer.fr\/centre\/?page_id=4192"},"modified":"2025-07-24T14:03:40","modified_gmt":"2025-07-24T12:03:40","slug":"pourquoi-recevez-vous-ce-courrier","status":"publish","type":"page","link":"https:\/\/www.depistage-cancer.fr\/centre\/pourquoi-recevez-vous-ce-courrier\/","title":{"rendered":"Pourquoi recevez-vous ce courrier ?"},"content":{"rendered":"\n<p>D\u00e9pistage du cancer colorectal &#8211; Conception CRCDC CVL (MAJ Juillet 2025)<\/p>\n\n\n\n<p><strong>Le programme de d\u00e9pistage organis\u00e9 du cancer colorectal repose sur l\u2019\u00e9valuation du risque individuel de d\u00e9velopper un cancer colorectal.<\/strong> <strong>Avec ou sans invitation, il est n\u00e9cessaire d\u2019\u00e9valuer le niveau de risque du patient afin de l\u2019orienter vers le d\u00e9pistage adapt\u00e9. <\/strong>Cette v\u00e9rification du niveau de risque est demand\u00e9e \u00e0 tous les professionnels pouvant remettre un kit. Lorsqu\u2019un patient commande un kit en ligne, il doit remplir un auto questionnaire, il ne recevra pas de kit s\u2019il indique des ant\u00e9c\u00e9dents particuliers.<\/p>\n\n\n\n<figure class=\"wp-block-image size-large\"><img decoding=\"async\" width=\"1024\" height=\"399\" data-src=\"https:\/\/www.depistage-cancer.fr\/centre\/wp-content\/uploads\/2025\/07\/Fiche-memo-DOCCR2-1024x399.jpg\" alt=\"\" class=\"wp-image-4195 lazyload\" data-srcset=\"https:\/\/www.depistage-cancer.fr\/centre\/wp-content\/uploads\/2025\/07\/Fiche-memo-DOCCR2-1024x399.jpg 1024w, https:\/\/www.depistage-cancer.fr\/centre\/wp-content\/uploads\/2025\/07\/Fiche-memo-DOCCR2-300x117.jpg 300w, https:\/\/www.depistage-cancer.fr\/centre\/wp-content\/uploads\/2025\/07\/Fiche-memo-DOCCR2-768x299.jpg 768w, https:\/\/www.depistage-cancer.fr\/centre\/wp-content\/uploads\/2025\/07\/Fiche-memo-DOCCR2.jpg 1457w\" data-sizes=\"(max-width: 1024px) 100vw, 1024px\" src=\"data:image\/svg+xml;base64,PHN2ZyB3aWR0aD0iMSIgaGVpZ2h0PSIxIiB4bWxucz0iaHR0cDovL3d3dy53My5vcmcvMjAwMC9zdmciPjwvc3ZnPg==\" style=\"--smush-placeholder-width: 1024px; --smush-placeholder-aspect-ratio: 1024\/399;\" \/><\/figure>\n\n\n\n<p>Le CRCDC re\u00e7oit quotidiennement du laboratoire par voie d\u00e9mat\u00e9rialis\u00e9e les r\u00e9sultats des tests effectu\u00e9s (r\u00e9sultat n\u00e9gatif, positif, non analysable). Il v\u00e9rifie la situation du patient avant d\u2019enregistrer les r\u00e9sultats dans sa base de donn\u00e9es. Cette base de donn\u00e9es servira \u00e0 l\u2019\u00e9valuation du programme par Sant\u00e9 publique France.<\/p>\n\n\n\n<figure class=\"wp-block-image size-large\"><img decoding=\"async\" width=\"1024\" height=\"426\" data-src=\"https:\/\/www.depistage-cancer.fr\/centre\/wp-content\/uploads\/2025\/07\/AnomalieIncoherenceBDD-1024x426.png\" alt=\"\" class=\"wp-image-4196 lazyload\" data-srcset=\"https:\/\/www.depistage-cancer.fr\/centre\/wp-content\/uploads\/2025\/07\/AnomalieIncoherenceBDD-1024x426.png 1024w, https:\/\/www.depistage-cancer.fr\/centre\/wp-content\/uploads\/2025\/07\/AnomalieIncoherenceBDD-300x125.png 300w, https:\/\/www.depistage-cancer.fr\/centre\/wp-content\/uploads\/2025\/07\/AnomalieIncoherenceBDD-768x320.png 768w, https:\/\/www.depistage-cancer.fr\/centre\/wp-content\/uploads\/2025\/07\/AnomalieIncoherenceBDD.png 1223w\" data-sizes=\"(max-width: 1024px) 100vw, 1024px\" src=\"data:image\/svg+xml;base64,PHN2ZyB3aWR0aD0iMSIgaGVpZ2h0PSIxIiB4bWxucz0iaHR0cDovL3d3dy53My5vcmcvMjAwMC9zdmciPjwvc3ZnPg==\" style=\"--smush-placeholder-width: 1024px; --smush-placeholder-aspect-ratio: 1024\/426;\" \/><\/figure>\n\n\n\n<p><strong>Que se passe-t-il si votre patient fait un test alors qu\u2019il est \u00e0 risque \u00e9lev\u00e9&nbsp;?<\/strong><\/p>\n\n\n\n<p>La personne peut \u00eatre faussement rassur\u00e9e en cas de test n\u00e9gatif et ne pas r\u00e9aliser le d\u00e9pistage par coloscopie recommand\u00e9 pour son niveau de risque.<\/p>\n\n\n\n<p>Si le CRCDC a connaissance d\u2019un niveau de risque \u00e9lev\u00e9 pour le cancer colorectal pour cette personne (information re\u00e7ue de la personne elle-m\u00eame, d\u2019un m\u00e9decin ou de son gastro-ent\u00e9rologue), un courrier vous est adress\u00e9 pour que vous puissiez orienter votre patient vers les modalit\u00e9s de d\u00e9pistage adapt\u00e9.<\/p>\n\n\n\n<p><strong>Votre patient est \u00e0 risque \u00e9lev\u00e9 mais refuse un suivi par coloscopie, que faire&nbsp;?<\/strong><\/p>\n\n\n\n<p>Vous pouvez proposer dans un premier temps une consultation avec un gastro-ent\u00e9rologue qui pourra donner des informations compl\u00e9mentaires notamment sur le d\u00e9roul\u00e9 de la coloscopie et les modalit\u00e9s de pr\u00e9paration colique. Un coloscanner permet \u00e9galement d\u2019explorer le cadre colique.<\/p>\n\n\n\n<p>Si votre patient souhaite faire un test de recherche de sang dans les selles, vous lui remettez une ordonnance pour r\u00e9aliser un test dans un laboratoire de ville.<\/p>\n\n\n\n<p><strong>Votre patient a des ant\u00e9c\u00e9dents d\u2019ad\u00e9nome mais son gastro-ent\u00e9rologue estime qu\u2019il peut \u00eatre \u00e0 nouveau inclus dans le programme de d\u00e9pistage organis\u00e9, comment proc\u00e9der&nbsp;?<\/strong><\/p>\n\n\n\n<p>Lorsque plusieurs coloscopies ont \u00e9t\u00e9 r\u00e9alis\u00e9es sans retrouver de nouvel ad\u00e9nome, la HAS propose un retour dans le programme de d\u00e9pistage organis\u00e9 (<a href=\"https:\/\/www.has-sante.fr\/upload\/docs\/application\/pdf\/2017-06\/dir71\/fiche_memo_ccr.pdf\">Recommandations HAS<\/a>).<\/p>\n\n\n\n<p>Certains gastro-ent\u00e9rologues appliquent les recommandations de la SFED (qui diff\u00e8rent de celles de la HAS) indiquant un retour dans d\u00e9pistage organis\u00e9 directement apr\u00e8s un diagnostic d\u2019ad\u00e9nome dont les caract\u00e9ristiques sont jug\u00e9es \u00e0 bas risque (<a href=\"https:\/\/www.sfed.org\/wp-content\/uploads\/2022\/05\/modalites_de_surveillance_definitives-5ec.pdf\">Recommandation SFED<\/a>) .<\/p>\n\n\n\n<p>Pour que le CRCDC puisse r\u00e9int\u00e9grer votre patient dans le d\u00e9pistage organis\u00e9, vous pouvez nous adresser un courrier pr\u00e9cisant l\u2019avis du gastro-ent\u00e9rologue.<\/p>\n\n\n\n<p><strong>L\u2019interface pro du CRCDC&nbsp;<\/strong><\/p>\n\n\n\n<p>Afin de vous accompagner dans votre pratique et d\u2019optimiser le suivi de vos patients, nous mettons \u00e0 votre disposition une partie de la base de donn\u00e9es du CRCDC. Cet outil en ligne et gratuit vous permet de :<\/p>\n\n\n\n<ul class=\"wp-block-list\">\n<li>V\u00e9rifier rapidement la situation de votre patient pour les trois d\u00e9pistages organis\u00e9s selon les informations du CRCDC.<\/li>\n\n\n\n<li>\u00a0Suivre les examens r\u00e9alis\u00e9s en cas de r\u00e9sultat positif et vous permettre de transmettre au CRCDC un compte-rendu de coloscopie et\/ou d\u2019anapath de fa\u00e7on s\u00e9curis\u00e9e en r\u00e9ponse \u00e0 nos courriers.<\/li>\n<\/ul>\n\n\n\n<p> <\/p>\n\n\n\n<p><\/p>\n\n\n<div class=\"lazyblock-chiffre-cle-23xivM wp-block-lazyblock-chiffre-cle\"><div class=\"number\">\n  <p class=\"number-display\">Contacter la charg\u00e9e de pr\u00e9vention et de sant\u00e9 publique de votre d\u00e9partement\u00a0pour avoir acc\u00e8s \u00e0 la plateforme :<\/p>\n  <p class=\"number-libelle\"><\/p>\n<\/div><\/div>\n\n\n<div class=\"wp-block-columns is-layout-flex wp-container-core-columns-is-layout-9d6595d7 wp-block-columns-is-layout-flex\">\n<div class=\"wp-block-column is-layout-flow wp-block-column-is-layout-flow\" style=\"flex-basis:100%\">\n<figure class=\"wp-block-table\"><table><tbody><tr><td>18<\/td><td>Aur\u00e9lie CHANQUOY<\/td><td class=\"has-text-align-center\" data-align=\"center\"><a href=\"mailto:a.chanquoy@depistage-cancer.fr\">a.chanquoy@depistage-cancer.fr<\/a><\/td><td class=\"has-text-align-right\" data-align=\"right\"><a href=\"tel: &quot;0781906738&quot;\">07 81 90 67 38<\/a><\/td><\/tr><tr><td>28<\/td><td>Christelle BUSLOUP<\/td><td class=\"has-text-align-center\" data-align=\"center\"><a href=\"mailto:c.busloup@depistage-cancer.fr\">c.busloup@depistage-cancer.fr<\/a><\/td><td class=\"has-text-align-right\" data-align=\"right\"><a href=\"http:\/\/tel :&quot;0749702336\">07 49 70 23 36<\/a><\/td><\/tr><tr><td>36<\/td><td>Magali GOBIN<\/td><td class=\"has-text-align-center\" data-align=\"center\"><a href=\"mailto:m.gobin@depistage-cancer.fr\">m.gobin@depistage-cancer.fr<\/a><\/td><td class=\"has-text-align-right\" data-align=\"right\"><a href=\"tel: &quot;0769334837&quot;\">07 69 33 48 37<\/a><\/td><\/tr><tr><td>37<\/td><td><\/td><td class=\"has-text-align-center\" data-align=\"center\"><a href=\"mailto:communication.37@depistage-cancer.fr\">communication.37@depistage-cancer.fr<\/a><\/td><td class=\"has-text-align-right\" data-align=\"right\"><a href=\"http:\/\/tel&quot;0766048724&quot;\">07 66 04 87 24<\/a><\/td><\/tr><tr><td>41<\/td><td>Karine VAILLANT<\/td><td class=\"has-text-align-center\" data-align=\"center\"><a href=\"mailto:k.vaillant@depistage-cancer.fr\">k.vaillant@depistage-cancer.fr<\/a><\/td><td class=\"has-text-align-right\" data-align=\"right\"><a href=\"tel:&quot;0766154694&quot;\">07 66 15 46 94<\/a><\/td><\/tr><tr><td>45<\/td><td>Savine MOREAU<\/td><td class=\"has-text-align-center\" data-align=\"center\"><a href=\"mailto:s.moreau@depistage-cancer.fr\">s.moreau@depistage-cancer.fr<\/a><\/td><td class=\"has-text-align-right\" data-align=\"right\"><a href=\"tel:&quot;0749388933&quot;\">07 49 38 89 33<\/a><\/td><\/tr><\/tbody><\/table><\/figure>\n<\/div>\n<\/div>\n\n\n\n<ul class=\"wp-block-list\"><\/ul>\n","protected":false},"excerpt":{"rendered":"<p>D\u00e9pistage du cancer colorectal &#8211; Conception CRCDC CVL (MAJ Juillet 2025) Le programme de d\u00e9pistage organis\u00e9 du cancer colorectal repose sur l\u2019\u00e9valuation du risque individuel de d\u00e9velopper un cancer colorectal. [&hellip;]<\/p>\n","protected":false},"author":2,"featured_media":0,"parent":0,"menu_order":0,"comment_status":"closed","ping_status":"closed","template":"","meta":{"_acf_changed":false,"inline_featured_image":false,"footnotes":""},"class_list":["post-4192","page","type-page","status-publish","hentry"],"acf":[],"yoast_head":"<!-- This site is optimized with the Yoast SEO plugin v27.6 - https:\/\/yoast.com\/product\/yoast-seo-wordpress\/ -->\n<title>Pourquoi recevez-vous ce courrier ? - Centre de coordination Centre Val de Loire - D\u00e9pistage des cancers<\/title>\n<meta name=\"robots\" content=\"index, follow, max-snippet:-1, max-image-preview:large, max-video-preview:-1\" \/>\n<link rel=\"canonical\" href=\"https:\/\/www.depistage-cancer.fr\/centre\/pourquoi-recevez-vous-ce-courrier\/\" \/>\n<meta property=\"og:locale\" content=\"fr_FR\" \/>\n<meta property=\"og:type\" content=\"article\" \/>\n<meta property=\"og:title\" content=\"Pourquoi recevez-vous ce courrier ? - Centre de coordination Centre Val de Loire - D\u00e9pistage des cancers\" \/>\n<meta property=\"og:description\" content=\"D\u00e9pistage du cancer colorectal &#8211; Conception CRCDC CVL (MAJ Juillet 2025) Le programme de d\u00e9pistage organis\u00e9 du cancer colorectal repose sur l\u2019\u00e9valuation du risque individuel de d\u00e9velopper un cancer colorectal. [&hellip;]\" \/>\n<meta property=\"og:url\" content=\"https:\/\/www.depistage-cancer.fr\/centre\/pourquoi-recevez-vous-ce-courrier\/\" \/>\n<meta property=\"og:site_name\" content=\"Centre de coordination Centre Val de Loire - D\u00e9pistage des cancers\" \/>\n<meta property=\"article:publisher\" content=\"https:\/\/www.facebook.com\/Depistagedescancers.CVL\" \/>\n<meta property=\"article:modified_time\" content=\"2025-07-24T12:03:40+00:00\" \/>\n<meta property=\"og:image\" content=\"https:\/\/www.depistage-cancer.fr\/centre\/wp-content\/uploads\/2025\/07\/Fiche-memo-DOCCR2.jpg\" \/>\n\t<meta property=\"og:image:width\" content=\"1457\" \/>\n\t<meta property=\"og:image:height\" content=\"568\" \/>\n\t<meta property=\"og:image:type\" content=\"image\/jpeg\" \/>\n<meta name=\"twitter:card\" content=\"summary_large_image\" \/>\n<meta name=\"twitter:label1\" content=\"Dur\u00e9e de lecture estim\u00e9e\" \/>\n\t<meta name=\"twitter:data1\" content=\"4 minutes\" \/>\n<script type=\"application\/ld+json\" class=\"yoast-schema-graph\">{\"@context\":\"https:\\\/\\\/schema.org\",\"@graph\":[{\"@type\":\"WebPage\",\"@id\":\"https:\\\/\\\/www.depistage-cancer.fr\\\/centre\\\/pourquoi-recevez-vous-ce-courrier\\\/\",\"url\":\"https:\\\/\\\/www.depistage-cancer.fr\\\/centre\\\/pourquoi-recevez-vous-ce-courrier\\\/\",\"name\":\"Pourquoi recevez-vous ce courrier ? - Centre de coordination Centre Val de Loire - D\u00e9pistage des cancers\",\"isPartOf\":{\"@id\":\"https:\\\/\\\/www.depistage-cancer.fr\\\/centre\\\/#website\"},\"primaryImageOfPage\":{\"@id\":\"https:\\\/\\\/www.depistage-cancer.fr\\\/centre\\\/pourquoi-recevez-vous-ce-courrier\\\/#primaryimage\"},\"image\":{\"@id\":\"https:\\\/\\\/www.depistage-cancer.fr\\\/centre\\\/pourquoi-recevez-vous-ce-courrier\\\/#primaryimage\"},\"thumbnailUrl\":\"https:\\\/\\\/www.depistage-cancer.fr\\\/centre\\\/wp-content\\\/uploads\\\/2025\\\/07\\\/Fiche-memo-DOCCR2-1024x399.jpg\",\"datePublished\":\"2025-07-24T12:03:39+00:00\",\"dateModified\":\"2025-07-24T12:03:40+00:00\",\"breadcrumb\":{\"@id\":\"https:\\\/\\\/www.depistage-cancer.fr\\\/centre\\\/pourquoi-recevez-vous-ce-courrier\\\/#breadcrumb\"},\"inLanguage\":\"fr-FR\",\"potentialAction\":[{\"@type\":\"ReadAction\",\"target\":[\"https:\\\/\\\/www.depistage-cancer.fr\\\/centre\\\/pourquoi-recevez-vous-ce-courrier\\\/\"]}]},{\"@type\":\"ImageObject\",\"inLanguage\":\"fr-FR\",\"@id\":\"https:\\\/\\\/www.depistage-cancer.fr\\\/centre\\\/pourquoi-recevez-vous-ce-courrier\\\/#primaryimage\",\"url\":\"https:\\\/\\\/www.depistage-cancer.fr\\\/centre\\\/wp-content\\\/uploads\\\/2025\\\/07\\\/Fiche-memo-DOCCR2.jpg\",\"contentUrl\":\"https:\\\/\\\/www.depistage-cancer.fr\\\/centre\\\/wp-content\\\/uploads\\\/2025\\\/07\\\/Fiche-memo-DOCCR2.jpg\",\"width\":1457,\"height\":568},{\"@type\":\"BreadcrumbList\",\"@id\":\"https:\\\/\\\/www.depistage-cancer.fr\\\/centre\\\/pourquoi-recevez-vous-ce-courrier\\\/#breadcrumb\",\"itemListElement\":[{\"@type\":\"ListItem\",\"position\":1,\"name\":\"Accueil\",\"item\":\"https:\\\/\\\/www.depistage-cancer.fr\\\/centre\\\/\"},{\"@type\":\"ListItem\",\"position\":2,\"name\":\"Pourquoi recevez-vous ce courrier ?\"}]},{\"@type\":\"WebSite\",\"@id\":\"https:\\\/\\\/www.depistage-cancer.fr\\\/centre\\\/#website\",\"url\":\"https:\\\/\\\/www.depistage-cancer.fr\\\/centre\\\/\",\"name\":\"Centre de coordination Centre Val de Loire - D\u00e9pistage des cancers\",\"description\":\"D\u00e9pister, c&#039;est prot\u00e9ger !\",\"publisher\":{\"@id\":\"https:\\\/\\\/www.depistage-cancer.fr\\\/centre\\\/#organization\"},\"alternateName\":\"CRCDC Centre Val de Loire\",\"potentialAction\":[{\"@type\":\"SearchAction\",\"target\":{\"@type\":\"EntryPoint\",\"urlTemplate\":\"https:\\\/\\\/www.depistage-cancer.fr\\\/centre\\\/?s={search_term_string}\"},\"query-input\":{\"@type\":\"PropertyValueSpecification\",\"valueRequired\":true,\"valueName\":\"search_term_string\"}}],\"inLanguage\":\"fr-FR\"},{\"@type\":\"Organization\",\"@id\":\"https:\\\/\\\/www.depistage-cancer.fr\\\/centre\\\/#organization\",\"name\":\"Centre de coordination Centre Val de Loire - D\u00e9pistage des cancers\",\"alternateName\":\"CRCDC Centre Val de Loire\",\"url\":\"https:\\\/\\\/www.depistage-cancer.fr\\\/centre\\\/\",\"logo\":{\"@type\":\"ImageObject\",\"inLanguage\":\"fr-FR\",\"@id\":\"https:\\\/\\\/www.depistage-cancer.fr\\\/centre\\\/#\\\/schema\\\/logo\\\/image\\\/\",\"url\":\"https:\\\/\\\/www.depistage-cancer.fr\\\/centre\\\/wp-content\\\/uploads\\\/2024\\\/02\\\/logo-crcdc-cvl.webp\",\"contentUrl\":\"https:\\\/\\\/www.depistage-cancer.fr\\\/centre\\\/wp-content\\\/uploads\\\/2024\\\/02\\\/logo-crcdc-cvl.webp\",\"width\":491,\"height\":238,\"caption\":\"Centre de coordination Centre Val de Loire - D\u00e9pistage des cancers\"},\"image\":{\"@id\":\"https:\\\/\\\/www.depistage-cancer.fr\\\/centre\\\/#\\\/schema\\\/logo\\\/image\\\/\"},\"sameAs\":[\"https:\\\/\\\/www.facebook.com\\\/Depistagedescancers.CVL\",\"https:\\\/\\\/www.youtube.com\\\/@crcdccentre-valdeloire8386\"]}]}<\/script>\n<!-- \/ Yoast SEO plugin. -->","yoast_head_json":{"title":"Pourquoi recevez-vous ce courrier ? - Centre de coordination Centre Val de Loire - D\u00e9pistage des cancers","robots":{"index":"index","follow":"follow","max-snippet":"max-snippet:-1","max-image-preview":"max-image-preview:large","max-video-preview":"max-video-preview:-1"},"canonical":"https:\/\/www.depistage-cancer.fr\/centre\/pourquoi-recevez-vous-ce-courrier\/","og_locale":"fr_FR","og_type":"article","og_title":"Pourquoi recevez-vous ce courrier ? - Centre de coordination Centre Val de Loire - D\u00e9pistage des cancers","og_description":"D\u00e9pistage du cancer colorectal &#8211; Conception CRCDC CVL (MAJ Juillet 2025) Le programme de d\u00e9pistage organis\u00e9 du cancer colorectal repose sur l\u2019\u00e9valuation du risque individuel de d\u00e9velopper un cancer colorectal. [&hellip;]","og_url":"https:\/\/www.depistage-cancer.fr\/centre\/pourquoi-recevez-vous-ce-courrier\/","og_site_name":"Centre de coordination Centre Val de Loire - D\u00e9pistage des cancers","article_publisher":"https:\/\/www.facebook.com\/Depistagedescancers.CVL","article_modified_time":"2025-07-24T12:03:40+00:00","og_image":[{"width":1457,"height":568,"url":"https:\/\/www.depistage-cancer.fr\/centre\/wp-content\/uploads\/2025\/07\/Fiche-memo-DOCCR2.jpg","type":"image\/jpeg"}],"twitter_card":"summary_large_image","twitter_misc":{"Dur\u00e9e de lecture estim\u00e9e":"4 minutes"},"schema":{"@context":"https:\/\/schema.org","@graph":[{"@type":"WebPage","@id":"https:\/\/www.depistage-cancer.fr\/centre\/pourquoi-recevez-vous-ce-courrier\/","url":"https:\/\/www.depistage-cancer.fr\/centre\/pourquoi-recevez-vous-ce-courrier\/","name":"Pourquoi recevez-vous ce courrier ? - Centre de coordination Centre Val de Loire - D\u00e9pistage des cancers","isPartOf":{"@id":"https:\/\/www.depistage-cancer.fr\/centre\/#website"},"primaryImageOfPage":{"@id":"https:\/\/www.depistage-cancer.fr\/centre\/pourquoi-recevez-vous-ce-courrier\/#primaryimage"},"image":{"@id":"https:\/\/www.depistage-cancer.fr\/centre\/pourquoi-recevez-vous-ce-courrier\/#primaryimage"},"thumbnailUrl":"https:\/\/www.depistage-cancer.fr\/centre\/wp-content\/uploads\/2025\/07\/Fiche-memo-DOCCR2-1024x399.jpg","datePublished":"2025-07-24T12:03:39+00:00","dateModified":"2025-07-24T12:03:40+00:00","breadcrumb":{"@id":"https:\/\/www.depistage-cancer.fr\/centre\/pourquoi-recevez-vous-ce-courrier\/#breadcrumb"},"inLanguage":"fr-FR","potentialAction":[{"@type":"ReadAction","target":["https:\/\/www.depistage-cancer.fr\/centre\/pourquoi-recevez-vous-ce-courrier\/"]}]},{"@type":"ImageObject","inLanguage":"fr-FR","@id":"https:\/\/www.depistage-cancer.fr\/centre\/pourquoi-recevez-vous-ce-courrier\/#primaryimage","url":"https:\/\/www.depistage-cancer.fr\/centre\/wp-content\/uploads\/2025\/07\/Fiche-memo-DOCCR2.jpg","contentUrl":"https:\/\/www.depistage-cancer.fr\/centre\/wp-content\/uploads\/2025\/07\/Fiche-memo-DOCCR2.jpg","width":1457,"height":568},{"@type":"BreadcrumbList","@id":"https:\/\/www.depistage-cancer.fr\/centre\/pourquoi-recevez-vous-ce-courrier\/#breadcrumb","itemListElement":[{"@type":"ListItem","position":1,"name":"Accueil","item":"https:\/\/www.depistage-cancer.fr\/centre\/"},{"@type":"ListItem","position":2,"name":"Pourquoi recevez-vous ce courrier ?"}]},{"@type":"WebSite","@id":"https:\/\/www.depistage-cancer.fr\/centre\/#website","url":"https:\/\/www.depistage-cancer.fr\/centre\/","name":"Centre de coordination Centre Val de Loire - D\u00e9pistage des cancers","description":"D\u00e9pister, c&#039;est prot\u00e9ger !","publisher":{"@id":"https:\/\/www.depistage-cancer.fr\/centre\/#organization"},"alternateName":"CRCDC Centre Val de Loire","potentialAction":[{"@type":"SearchAction","target":{"@type":"EntryPoint","urlTemplate":"https:\/\/www.depistage-cancer.fr\/centre\/?s={search_term_string}"},"query-input":{"@type":"PropertyValueSpecification","valueRequired":true,"valueName":"search_term_string"}}],"inLanguage":"fr-FR"},{"@type":"Organization","@id":"https:\/\/www.depistage-cancer.fr\/centre\/#organization","name":"Centre de coordination Centre Val de Loire - D\u00e9pistage des cancers","alternateName":"CRCDC Centre Val de Loire","url":"https:\/\/www.depistage-cancer.fr\/centre\/","logo":{"@type":"ImageObject","inLanguage":"fr-FR","@id":"https:\/\/www.depistage-cancer.fr\/centre\/#\/schema\/logo\/image\/","url":"https:\/\/www.depistage-cancer.fr\/centre\/wp-content\/uploads\/2024\/02\/logo-crcdc-cvl.webp","contentUrl":"https:\/\/www.depistage-cancer.fr\/centre\/wp-content\/uploads\/2024\/02\/logo-crcdc-cvl.webp","width":491,"height":238,"caption":"Centre de coordination Centre Val de Loire - D\u00e9pistage des cancers"},"image":{"@id":"https:\/\/www.depistage-cancer.fr\/centre\/#\/schema\/logo\/image\/"},"sameAs":["https:\/\/www.facebook.com\/Depistagedescancers.CVL","https:\/\/www.youtube.com\/@crcdccentre-valdeloire8386"]}]}},"_links":{"self":[{"href":"https:\/\/www.depistage-cancer.fr\/centre\/wp-json\/wp\/v2\/pages\/4192","targetHints":{"allow":["GET"]}}],"collection":[{"href":"https:\/\/www.depistage-cancer.fr\/centre\/wp-json\/wp\/v2\/pages"}],"about":[{"href":"https:\/\/www.depistage-cancer.fr\/centre\/wp-json\/wp\/v2\/types\/page"}],"author":[{"embeddable":true,"href":"https:\/\/www.depistage-cancer.fr\/centre\/wp-json\/wp\/v2\/users\/2"}],"replies":[{"embeddable":true,"href":"https:\/\/www.depistage-cancer.fr\/centre\/wp-json\/wp\/v2\/comments?post=4192"}],"version-history":[{"count":9,"href":"https:\/\/www.depistage-cancer.fr\/centre\/wp-json\/wp\/v2\/pages\/4192\/revisions"}],"predecessor-version":[{"id":4207,"href":"https:\/\/www.depistage-cancer.fr\/centre\/wp-json\/wp\/v2\/pages\/4192\/revisions\/4207"}],"wp:attachment":[{"href":"https:\/\/www.depistage-cancer.fr\/centre\/wp-json\/wp\/v2\/media?parent=4192"}],"curies":[{"name":"wp","href":"https:\/\/api.w.org\/{rel}","templated":true}]}}