{"id":4532,"date":"2025-11-07T16:33:37","date_gmt":"2025-11-07T15:33:37","guid":{"rendered":"https:\/\/www.depistage-cancer.fr\/centre\/?page_id=4532"},"modified":"2025-11-17T10:33:18","modified_gmt":"2025-11-17T09:33:18","slug":"etude-cadocolo-note-dinformation-collective","status":"publish","type":"page","link":"https:\/\/www.depistage-cancer.fr\/centre\/informations-recherche\/etude-cadocolo-note-dinformation-collective\/","title":{"rendered":"\u00c9tude CaDO-COLO &#8211; Note d\u2019information collective"},"content":{"rendered":"\n<p>Le but de cette mention d\u2019information est de vous informer de la conduite d\u2019une \u00e9tude commandit\u00e9e par l\u2019Agence R\u00e9gionale de Sant\u00e9 (ARS) Centre-Val de Loire, et men\u00e9e par l\u2019<a href=\"https:\/\/epidclic.esante-centre.fr\/\" target=\"_blank\" rel=\"noreferrer noopener\">unit\u00e9 d\u2019\u00c9pid\u00e9miologie des Donn\u00e9es cliniques en r\u00e9gion Centre-Val de Loire (EpiDcliC)<\/a> en partenariat avec le <a href=\"https:\/\/www.depistage-cancer.fr\/centre\/le-crcdc-centre-val-de-loire\/\" target=\"_blank\" rel=\"noreferrer noopener\">Centre R\u00e9gional de Coordination du D\u00e9pistage des Cancers Centre-Val de Loire (CRCDC)<\/a>.<br>Cette \u00e9tude concerne le parcours de soin des personnes de 50 \u00e0 74 ans de la r\u00e9gion Centre-Val de Loire avec un test positif pour le d\u00e9pistage du cancer colorectal (test DO CCR +).<br>Prenez le temps de lire cette information et n\u2019h\u00e9sitez pas \u00e0 poser vos questions aux contacts indiqu\u00e9s dans le document.<\/p>\n\n\n\n<h2 class=\"wp-block-heading\">L\u2019objectif de cette recherche<\/h2>\n\n\n\n<p>L\u2019unit\u00e9 d\u2019\u00c9pid\u00e9miologie des Donn\u00e9es cliniques en r\u00e9gion Centre-Val de Loire (EpiDcliC) r\u00e9alise une \u00e9tude nomm\u00e9e CaDO-COLO &#8211; \u00ab Cancer colorectal et D\u00e9pistage Organis\u00e9 en Centre-Val de Loire &#8211; entr\u00e9e par COLOscopie dans le parcours post-DO positif \u00bb, visant \u00e0 :<\/p>\n\n\n\n<ul class=\"wp-block-list\">\n<li>\u00e9valuer l\u2019acc\u00e8s au diagnostic (coloscopie) et au traitement ainsi que les d\u00e9lais de ces diff\u00e9rentes \u00e9tapes apr\u00e8s un test DO CCR +<\/li>\n\n\n\n<li>identifier les facteurs qui pourraient influencer cet acc\u00e8s<\/li>\n\n\n\n<li>am\u00e9liorer le parcours de soins des patients de la r\u00e9gion Centre-Val de Loire<\/li>\n<\/ul>\n\n\n\n<h2 class=\"wp-block-heading\">Le cadre r\u00e8glementaire de cette recherche<\/h2>\n\n\n\n<p>EpiDcliC est rattach\u00e9e juridiquement au CHRU de Tours, responsable de traitement de cette \u00e9tude. Les r\u00e9sultats de l\u2019\u00e9tude seront communiqu\u00e9s \u00e0 l\u2019ARS Centre-Val de Loire, commanditaire de l\u2019\u00e9tude, et aux professionnels de sant\u00e9 impliqu\u00e9s.<\/p>\n\n\n\n<p>Cette \u00e9tude a \u00e9t\u00e9 \u00e9valu\u00e9e d\u2019int\u00e9r\u00eat public par le Comit\u00e9 \u00e9thique et scientifique pour les recherches, les \u00e9tudes et les \u00e9valuations dans le domaine de la sant\u00e9 (CESREES) (avis favorable n\u00b023391843 bis (21926854), en date du 14 mai 2025) et a fait l\u2019objet d\u2019une autorisation de la Commission Nationale de l\u2019Informatique et des Libert\u00e9s (CNIL) &#8211; D\u00e9cision DR-2025-257 &#8211; N\/R\u00e9f. : PHT\/LMN\/AR254872 ; correspondant \u00e0 la demande n\u00b0 925127, en date du 22 octobre 2025.<\/p>\n\n\n\n<h2 class=\"wp-block-heading\">Les sources des donn\u00e9es<\/h2>\n\n\n\n<p>Cette \u00e9tude sera r\u00e9alis\u00e9e \u00e0 partir des <strong>donn\u00e9es d\u00e9tenues par le CRCDC Centre-Val de Loire<\/strong> dans le cadre de ses missions <sup data-fn=\"42a1bba4-a0fc-445f-a6db-4700fdaaeef2\" class=\"fn\"><a href=\"#42a1bba4-a0fc-445f-a6db-4700fdaaeef2\" id=\"42a1bba4-a0fc-445f-a6db-4700fdaaeef2-link\">1<\/a><\/sup> de suivi des personnes d\u00e9pist\u00e9es positives. Les donn\u00e9es n\u00e9cessaires \u00e0 l\u2019\u00e9tude concernent les personnes ayant eu un test DO CCR + entre le 1er janvier 2018 et le 31 d\u00e9cembre 2023 :<\/p>\n\n\n\n<ul class=\"wp-block-list\">\n<li>Num\u00e9ro de s\u00e9curit\u00e9 sociale<\/li>\n\n\n\n<li>Sexe<\/li>\n\n\n\n<li>Date de naissance<\/li>\n\n\n\n<li>R\u00e9alisation d\u2019un test DOCCR positif<\/li>\n\n\n\n<li>Date du test DOCCR positif<\/li>\n\n\n\n<li>Date d\u2019entr\u00e9e dans le parcours post-DO+ (dont date de coloscopie post-DO +, entr\u00e9e majoritaire)<\/li>\n\n\n\n<li>Si cancer colorectal : \n<ul class=\"wp-block-list\">\n<li>Nature et date du premier traitement<\/li>\n\n\n\n<li>Localisation, stade de la maladie<\/li>\n<\/ul>\n<\/li>\n<\/ul>\n\n\n\n<p>Ces donn\u00e9es seront ensuite appari\u00e9es, c\u2019est-\u00e0-dire li\u00e9es aux <strong>donn\u00e9es du Syst\u00e8me National des donn\u00e9es de Sant\u00e9<\/strong> (SNDS) <sup data-fn=\"bda13e28-a690-4b33-bab0-f9ada53b7518\" class=\"fn\"><a id=\"bda13e28-a690-4b33-bab0-f9ada53b7518-link\" href=\"#bda13e28-a690-4b33-bab0-f9ada53b7518\">2<\/a><\/sup>, qui collecte en routine des donn\u00e9es relatives \u00e0 l\u2019ensemble des soins de sant\u00e9 rembours\u00e9s en France en ville ou \u00e0 l\u2019h\u00f4pital. Le SNDS est g\u00e9r\u00e9 par la Caisse Nationale d\u2019Assurance Maladie (CNAM). Conform\u00e9ment aux exigences du code de la sant\u00e9 publique, les donn\u00e9es \u00e0 caract\u00e8re personnel figurant dans ces bases de donn\u00e9es ne permettent pas d\u2019identifier les individus auxquels elles se rattachent (ces donn\u00e9es sont dites \u00abpseudonymis\u00e9es \u00bb.<br>Les donn\u00e9es n\u00e9cessaires \u00e0 l\u2019\u00e9tude sont les suivantes :<\/p>\n\n\n\n<ul class=\"wp-block-list\">\n<li>Age<\/li>\n\n\n\n<li>Sexe<\/li>\n\n\n\n<li>Code postal de r\u00e9sidence au moment du test DOCCR<\/li>\n\n\n\n<li>R\u00e9gime Assurance-Maladie de l\u2019assur\u00e9 au moment du test DOCCR<\/li>\n\n\n\n<li>Ant\u00e9c\u00e9dents d\u2019affection sous ALD ou d\u2019acte excluant<\/li>\n\n\n\n<li>Comorbidit\u00e9s<\/li>\n\n\n\n<li>Vuln\u00e9rabilit\u00e9 individuelle :\n<ul class=\"wp-block-list\">\n<li>Vuln\u00e9rabilit\u00e9s sociales<\/li>\n\n\n\n<li>Handicap<\/li>\n<\/ul>\n<\/li>\n\n\n\n<li>Caract\u00e9ristiques de la prise en charge \/ parcours :\n<ul class=\"wp-block-list\">\n<li>R\u00e9alisation d\u2019un test DOCCR et date<\/li>\n\n\n\n<li>Date d\u2019entr\u00e9e dans le parcours post-DO+ (dont date de coloscopie post-DO +, entr\u00e9e majoritaire)<\/li>\n\n\n\n<li>Si cancer colorectal :\n<ul class=\"wp-block-list\">\n<li>stade au diagnostic<\/li>\n\n\n\n<li>1er traitement<\/li>\n<\/ul>\n<\/li>\n<\/ul>\n<\/li>\n<\/ul>\n\n\n\n<p>Les donn\u00e9es utilis\u00e9es dans le cadre de cette recherche seront pseudonymis\u00e9es <sup data-fn=\"8118c44b-db69-47e3-807d-93203f8b0b58\" class=\"fn\"><a href=\"#8118c44b-db69-47e3-807d-93203f8b0b58\" id=\"8118c44b-db69-47e3-807d-93203f8b0b58-link\">3<\/a><\/sup> avant d\u2019\u00eatre transf\u00e9r\u00e9es sur la plateforme s\u00e9curis\u00e9e de la CNAM afin d\u2019emp\u00eacher toute r\u00e9identification.<\/p>\n\n\n\n<p>La CNAM mettra \u00e0 disposition d\u2019EpiDcliC les donn\u00e9es pseudonymis\u00e9es sur la plateforme s\u00e9curis\u00e9e, dans un espace d\u00e9di\u00e9 exclusivement au personnel d\u2019EpiDcliC habilit\u00e9 \u00e0 acc\u00e9der aux donn\u00e9es ; en vue de la r\u00e9alisation des analyses pr\u00e9vues dans le protocole de l\u2019\u00e9tude.<\/p>\n\n\n\n<h2 class=\"wp-block-heading\">Quels sont vos droits et comment nous contacter ?<\/h2>\n\n\n\n<p>Sauf opposition de votre part, vos donn\u00e9es recueillies dans le SNDS et par le CRCDC CVL seront ainsi r\u00e9utilis\u00e9es pour la conduite de cette recherche, sous forme de donn\u00e9es pseudonymis\u00e9es.<br>La r\u00e9utilisation de vos donn\u00e9es ne vous engage \u00e0 rien. Vos nom et pr\u00e9nom ne seront jamais mentionn\u00e9s.<br>Conform\u00e9ment \u00e0 la r\u00e8glementation sur la protection des donn\u00e9es (R\u00e8glement UE 2016\/679 et Loi n\u00b078-<br>17 du 6 janvier 1978 dite \u00ab Loi Informatique et Libert\u00e9s \u00bb modifi\u00e9e), vous disposez d\u2019un :<\/p>\n\n\n\n<ul class=\"wp-block-list\">\n<li>Droit d\u2019acc\u00e8s aux donn\u00e9es personnelles vous concernant<\/li>\n\n\n\n<li>Droits de rectification<\/li>\n\n\n\n<li>Droit d\u2019opposition \u00e0 l\u2019utilisation de vos donn\u00e9es<\/li>\n\n\n\n<li>Droit d\u2019introduire une r\u00e9clamation aupr\u00e8s de la Commission Nationale de l\u2019Informatique et des Libert\u00e9s (CNIL) en ligne ou par courrier postal au 3 Place de Fontenoy &#8211; TSA 80715 \u2013 75334 PARIS CEDEX 07.<\/li>\n<\/ul>\n\n\n\n<p><br>Vous pouvez vous opposer sans justification \u00e0 ce recueil \u00e0 but de recherche aupr\u00e8s d\u2019EpiDcliC &#8211; <a href=\"mailto:epidclic@chu-tours.fr\" target=\"_blank\" rel=\"noreferrer noopener\">epidclic@chu-tours.fr<\/a> &#8211; ou du CRCDC &#8211; <a href=\"mailto:dpo@depistage-cancer.fr\" target=\"_blank\" rel=\"noreferrer noopener\">dpo@depistage-cancer.fr<\/a>. Un refus sera sans cons\u00e9quence sur votre prise en charge actuelle ou future, ou la relation avec votre m\u00e9decin.<\/p>\n\n\n\n<p>Au-del\u00e0 de 3 mois apr\u00e8s la publication de la note sur le site internet de l\u2019\u00e9tablissement, pour des raisons de s\u00e9curit\u00e9, toute correspondance entre votre identit\u00e9 et le num\u00e9ro non signifiant qui vous sera attribu\u00e9 pour l\u2019\u00e9tude sera irr\u00e9versiblement effac\u00e9e et il ne sera plus possible de vous r\u00e9identifier \u00e0 partir de vos donn\u00e9es d\u2019identit\u00e9. Cependant conform\u00e9ment \u00e0 l\u2019article 11.2 du RGPD, vous avez la possibilit\u00e9, au-del\u00e0 de ce d\u00e9lai, de nous fournir des informations compl\u00e9mentaires qui permettraient de vous r\u00e9identifier et ainsi d\u2019exercer vos droits.<\/p>\n\n\n\n<p>Toutefois pass\u00e9 ce d\u00e9lai, en application de l\u2019article 17.3.d du RGPD, le droit d\u2019effacement ne pourra pas s\u2019appliquer en raison du risque de compromettre les objectifs et les r\u00e9sultats de l\u2019\u00e9tude et il ne sera donc pas possible de vous opposer au traitement de vos donn\u00e9es.<\/p>\n\n\n\n<p>Par ailleurs les donn\u00e9es sont susceptibles d\u2019\u00eatre r\u00e9utilis\u00e9es dans le cadre de recherches ult\u00e9rieures. Pour en savoir plus sur les projets de recherche, merci de nous contacter \u00e0 l\u2019adresse ci-dessus ou de vous rendre sur le site internet <a href=\"https:\/\/www.esante-centre.fr\/epidclic\" target=\"_blank\" rel=\"noreferrer noopener\">https:\/\/www.esante-centre.fr\/epidclic<\/a> ou <a href=\"https:\/\/www.depistage-cancer.fr\/centre\/contact\/\" target=\"_blank\" rel=\"noreferrer noopener\">https:\/\/www.depistage-cancer.fr\/centre\/contact\/<\/a>.<\/p>\n\n\n\n<h2 class=\"wp-block-heading\">La conservation des donn\u00e9es<\/h2>\n\n\n\n<p>Conform\u00e9ment \u00e0 l\u2019autorisation accord\u00e9e par la CNIL pour cette \u00e9tude, les donn\u00e9es de sant\u00e9 sp\u00e9cifiques \u00e0 l\u2019\u00e9tude, tant CRCDC que SNDS, seront h\u00e9berg\u00e9es sur le serveur s\u00e9curis\u00e9 national de la CNAM, et mises \u00e0 disposition durant deux ans \u00e0 compter de la date d\u2019acc\u00e8s effectif \u00e0 celles-ci. Une prolongation d\u2019acc\u00e8s pourra \u00eatre demand\u00e9e selon l\u2019atteinte des objectifs du traitement de donn\u00e9es.<\/p>\n\n\n\n<p>Contact de l\u2019\u00e9tude : <a href=\"mailto:epidclic@chu-tours.fr\" target=\"_blank\" rel=\"noreferrer noopener\">epidclic@chu-tours.fr<\/a> <\/p>\n\n\n<ol class=\"wp-block-footnotes\"><li id=\"42a1bba4-a0fc-445f-a6db-4700fdaaeef2\"><a href=\"https:\/\/www.depistage-cancer.fr\/centre\/politique-generale-de-protection-des-donnees-personnelles\/\" target=\"_blank\" rel=\"noreferrer noopener\">https:\/\/www.depistage-cancer.fr\/centre\/politique-generale-de-protection-des-donnees-personnelles\/<\/a> <a href=\"#42a1bba4-a0fc-445f-a6db-4700fdaaeef2-link\" aria-label=\"Aller \u00e0 la note de bas de page 1\">\u21a9\ufe0e<\/a><\/li><li id=\"bda13e28-a690-4b33-bab0-f9ada53b7518\"><a href=\"https:\/\/www.snds.gouv.fr\/SNDS\/Qu-est-ce-que-le-SNDS\" target=\"_blank\" rel=\"noreferrer noopener\">https:\/\/www.snds.gouv.fr\/SNDS\/Qu-est-ce-que-le-SNDS<\/a> <a href=\"#bda13e28-a690-4b33-bab0-f9ada53b7518-link\" aria-label=\"Aller \u00e0 la note de bas de page 2\">\u21a9\ufe0e<\/a><\/li><li id=\"8118c44b-db69-47e3-807d-93203f8b0b58\">Seules les informations strictement n\u00e9cessaires au traitement et \u00e0 la finalit\u00e9 de l\u2019\u00e9tude seront recueillies. Afin d\u2019assurer la confidentialit\u00e9 de vos informations personnelles, ni votre nom ni aucune autre information qui permettrait de vous identifier directement ne seront utilis\u00e9s. Vous serez uniquement identifi\u00e9(e) par un code. <a href=\"#8118c44b-db69-47e3-807d-93203f8b0b58-link\" aria-label=\"Aller \u00e0 la note de bas de page 3\">\u21a9\ufe0e<\/a><\/li><\/ol>\n\n\n<p>Date de publication : 17\/11\/2025<\/p>\n","protected":false},"excerpt":{"rendered":"<p>Le but de cette mention d\u2019information est de vous informer de la conduite d\u2019une \u00e9tude commandit\u00e9e par l\u2019Agence R\u00e9gionale de Sant\u00e9 (ARS) Centre-Val de Loire, et men\u00e9e par l\u2019unit\u00e9 d\u2019\u00c9pid\u00e9miologie [&hellip;]<\/p>\n","protected":false},"author":4,"featured_media":0,"parent":2115,"menu_order":0,"comment_status":"closed","ping_status":"closed","template":"","meta":{"_acf_changed":false,"inline_featured_image":false,"footnotes":"[{\"content\":\"<a href=\\\"https:\/\/www.depistage-cancer.fr\/centre\/politique-generale-de-protection-des-donnees-personnelles\/\\\" target=\\\"_blank\\\" rel=\\\"noreferrer noopener\\\">https:\/\/www.depistage-cancer.fr\/centre\/politique-generale-de-protection-des-donnees-personnelles\/<\/a>\",\"id\":\"42a1bba4-a0fc-445f-a6db-4700fdaaeef2\"},{\"content\":\"<a href=\\\"https:\/\/www.snds.gouv.fr\/SNDS\/Qu-est-ce-que-le-SNDS\\\" target=\\\"_blank\\\" rel=\\\"noreferrer noopener\\\">https:\/\/www.snds.gouv.fr\/SNDS\/Qu-est-ce-que-le-SNDS<\/a>\",\"id\":\"bda13e28-a690-4b33-bab0-f9ada53b7518\"},{\"content\":\"Seules les informations strictement n\u00e9cessaires au traitement et \u00e0 la finalit\u00e9 de l\u2019\u00e9tude seront recueillies. Afin d\u2019assurer la confidentialit\u00e9 de vos informations personnelles, ni votre nom ni aucune autre information qui permettrait de vous identifier directement ne seront utilis\u00e9s. Vous serez uniquement identifi\u00e9(e) par un code.\",\"id\":\"8118c44b-db69-47e3-807d-93203f8b0b58\"}]"},"class_list":["post-4532","page","type-page","status-publish","hentry"],"acf":[],"yoast_head":"<!-- This site is optimized with the Yoast SEO plugin v27.3 - https:\/\/yoast.com\/product\/yoast-seo-wordpress\/ -->\n<title>\u00c9tude CaDO-COLO - Note d\u2019information collective - Centre de coordination Centre Val de Loire - D\u00e9pistage des cancers<\/title>\n<meta name=\"robots\" content=\"index, follow, max-snippet:-1, max-image-preview:large, max-video-preview:-1\" \/>\n<link rel=\"canonical\" href=\"https:\/\/www.depistage-cancer.fr\/centre\/informations-recherche\/etude-cadocolo-note-dinformation-collective\/\" \/>\n<meta property=\"og:locale\" content=\"fr_FR\" \/>\n<meta property=\"og:type\" content=\"article\" \/>\n<meta property=\"og:title\" content=\"\u00c9tude CaDO-COLO - Note d\u2019information collective - Centre de coordination Centre Val de Loire - D\u00e9pistage des cancers\" \/>\n<meta property=\"og:description\" content=\"Le but de cette mention d\u2019information est de vous informer de la conduite d\u2019une \u00e9tude commandit\u00e9e par l\u2019Agence R\u00e9gionale de Sant\u00e9 (ARS) Centre-Val de Loire, et men\u00e9e par l\u2019unit\u00e9 d\u2019\u00c9pid\u00e9miologie [&hellip;]\" \/>\n<meta property=\"og:url\" content=\"https:\/\/www.depistage-cancer.fr\/centre\/informations-recherche\/etude-cadocolo-note-dinformation-collective\/\" \/>\n<meta property=\"og:site_name\" content=\"Centre de coordination Centre Val de Loire - D\u00e9pistage des cancers\" \/>\n<meta property=\"article:publisher\" content=\"https:\/\/www.facebook.com\/Depistagedescancers.CVL\" \/>\n<meta property=\"article:modified_time\" content=\"2025-11-17T09:33:18+00:00\" \/>\n<meta property=\"og:image\" content=\"https:\/\/www.depistage-cancer.fr\/centre\/wp-content\/uploads\/2024\/06\/crcdc.jpg\" \/>\n\t<meta property=\"og:image:width\" content=\"1200\" \/>\n\t<meta property=\"og:image:height\" content=\"633\" \/>\n\t<meta property=\"og:image:type\" content=\"image\/jpeg\" \/>\n<meta name=\"twitter:card\" content=\"summary_large_image\" \/>\n<meta name=\"twitter:label1\" content=\"Dur\u00e9e de lecture estim\u00e9e\" \/>\n\t<meta name=\"twitter:data1\" content=\"6 minutes\" \/>\n<script type=\"application\/ld+json\" class=\"yoast-schema-graph\">{\"@context\":\"https:\\\/\\\/schema.org\",\"@graph\":[{\"@type\":\"WebPage\",\"@id\":\"https:\\\/\\\/www.depistage-cancer.fr\\\/centre\\\/informations-recherche\\\/etude-cadocolo-note-dinformation-collective\\\/\",\"url\":\"https:\\\/\\\/www.depistage-cancer.fr\\\/centre\\\/informations-recherche\\\/etude-cadocolo-note-dinformation-collective\\\/\",\"name\":\"\u00c9tude CaDO-COLO - Note d\u2019information collective - Centre de coordination Centre Val de Loire - D\u00e9pistage des cancers\",\"isPartOf\":{\"@id\":\"https:\\\/\\\/www.depistage-cancer.fr\\\/centre\\\/#website\"},\"datePublished\":\"2025-11-07T15:33:37+00:00\",\"dateModified\":\"2025-11-17T09:33:18+00:00\",\"breadcrumb\":{\"@id\":\"https:\\\/\\\/www.depistage-cancer.fr\\\/centre\\\/informations-recherche\\\/etude-cadocolo-note-dinformation-collective\\\/#breadcrumb\"},\"inLanguage\":\"fr-FR\",\"potentialAction\":[{\"@type\":\"ReadAction\",\"target\":[\"https:\\\/\\\/www.depistage-cancer.fr\\\/centre\\\/informations-recherche\\\/etude-cadocolo-note-dinformation-collective\\\/\"]}]},{\"@type\":\"BreadcrumbList\",\"@id\":\"https:\\\/\\\/www.depistage-cancer.fr\\\/centre\\\/informations-recherche\\\/etude-cadocolo-note-dinformation-collective\\\/#breadcrumb\",\"itemListElement\":[{\"@type\":\"ListItem\",\"position\":1,\"name\":\"Accueil\",\"item\":\"https:\\\/\\\/www.depistage-cancer.fr\\\/centre\\\/\"},{\"@type\":\"ListItem\",\"position\":2,\"name\":\"Informations recherche\",\"item\":\"https:\\\/\\\/www.depistage-cancer.fr\\\/centre\\\/informations-recherche\\\/\"},{\"@type\":\"ListItem\",\"position\":3,\"name\":\"\u00c9tude CaDO-COLO &#8211; Note d\u2019information collective\"}]},{\"@type\":\"WebSite\",\"@id\":\"https:\\\/\\\/www.depistage-cancer.fr\\\/centre\\\/#website\",\"url\":\"https:\\\/\\\/www.depistage-cancer.fr\\\/centre\\\/\",\"name\":\"Centre de coordination Centre Val de Loire - D\u00e9pistage des cancers\",\"description\":\"D\u00e9pister, c&#039;est prot\u00e9ger !\",\"publisher\":{\"@id\":\"https:\\\/\\\/www.depistage-cancer.fr\\\/centre\\\/#organization\"},\"alternateName\":\"CRCDC Centre Val de Loire\",\"potentialAction\":[{\"@type\":\"SearchAction\",\"target\":{\"@type\":\"EntryPoint\",\"urlTemplate\":\"https:\\\/\\\/www.depistage-cancer.fr\\\/centre\\\/?s={search_term_string}\"},\"query-input\":{\"@type\":\"PropertyValueSpecification\",\"valueRequired\":true,\"valueName\":\"search_term_string\"}}],\"inLanguage\":\"fr-FR\"},{\"@type\":\"Organization\",\"@id\":\"https:\\\/\\\/www.depistage-cancer.fr\\\/centre\\\/#organization\",\"name\":\"Centre de coordination Centre Val de Loire - D\u00e9pistage des cancers\",\"alternateName\":\"CRCDC Centre Val de Loire\",\"url\":\"https:\\\/\\\/www.depistage-cancer.fr\\\/centre\\\/\",\"logo\":{\"@type\":\"ImageObject\",\"inLanguage\":\"fr-FR\",\"@id\":\"https:\\\/\\\/www.depistage-cancer.fr\\\/centre\\\/#\\\/schema\\\/logo\\\/image\\\/\",\"url\":\"https:\\\/\\\/www.depistage-cancer.fr\\\/centre\\\/wp-content\\\/uploads\\\/2024\\\/02\\\/logo-crcdc-cvl.webp\",\"contentUrl\":\"https:\\\/\\\/www.depistage-cancer.fr\\\/centre\\\/wp-content\\\/uploads\\\/2024\\\/02\\\/logo-crcdc-cvl.webp\",\"width\":491,\"height\":238,\"caption\":\"Centre de coordination Centre Val de Loire - D\u00e9pistage des cancers\"},\"image\":{\"@id\":\"https:\\\/\\\/www.depistage-cancer.fr\\\/centre\\\/#\\\/schema\\\/logo\\\/image\\\/\"},\"sameAs\":[\"https:\\\/\\\/www.facebook.com\\\/Depistagedescancers.CVL\",\"https:\\\/\\\/www.youtube.com\\\/@crcdccentre-valdeloire8386\"]}]}<\/script>\n<!-- \/ Yoast SEO plugin. -->","yoast_head_json":{"title":"\u00c9tude CaDO-COLO - Note d\u2019information collective - Centre de coordination Centre Val de Loire - D\u00e9pistage des cancers","robots":{"index":"index","follow":"follow","max-snippet":"max-snippet:-1","max-image-preview":"max-image-preview:large","max-video-preview":"max-video-preview:-1"},"canonical":"https:\/\/www.depistage-cancer.fr\/centre\/informations-recherche\/etude-cadocolo-note-dinformation-collective\/","og_locale":"fr_FR","og_type":"article","og_title":"\u00c9tude CaDO-COLO - Note d\u2019information collective - Centre de coordination Centre Val de Loire - D\u00e9pistage des cancers","og_description":"Le but de cette mention d\u2019information est de vous informer de la conduite d\u2019une \u00e9tude commandit\u00e9e par l\u2019Agence R\u00e9gionale de Sant\u00e9 (ARS) Centre-Val de Loire, et men\u00e9e par l\u2019unit\u00e9 d\u2019\u00c9pid\u00e9miologie [&hellip;]","og_url":"https:\/\/www.depistage-cancer.fr\/centre\/informations-recherche\/etude-cadocolo-note-dinformation-collective\/","og_site_name":"Centre de coordination Centre Val de Loire - D\u00e9pistage des cancers","article_publisher":"https:\/\/www.facebook.com\/Depistagedescancers.CVL","article_modified_time":"2025-11-17T09:33:18+00:00","og_image":[{"width":1200,"height":633,"url":"https:\/\/www.depistage-cancer.fr\/centre\/wp-content\/uploads\/2024\/06\/crcdc.jpg","type":"image\/jpeg"}],"twitter_card":"summary_large_image","twitter_misc":{"Dur\u00e9e de lecture estim\u00e9e":"6 minutes"},"schema":{"@context":"https:\/\/schema.org","@graph":[{"@type":"WebPage","@id":"https:\/\/www.depistage-cancer.fr\/centre\/informations-recherche\/etude-cadocolo-note-dinformation-collective\/","url":"https:\/\/www.depistage-cancer.fr\/centre\/informations-recherche\/etude-cadocolo-note-dinformation-collective\/","name":"\u00c9tude CaDO-COLO - Note d\u2019information collective - Centre de coordination Centre Val de Loire - D\u00e9pistage des cancers","isPartOf":{"@id":"https:\/\/www.depistage-cancer.fr\/centre\/#website"},"datePublished":"2025-11-07T15:33:37+00:00","dateModified":"2025-11-17T09:33:18+00:00","breadcrumb":{"@id":"https:\/\/www.depistage-cancer.fr\/centre\/informations-recherche\/etude-cadocolo-note-dinformation-collective\/#breadcrumb"},"inLanguage":"fr-FR","potentialAction":[{"@type":"ReadAction","target":["https:\/\/www.depistage-cancer.fr\/centre\/informations-recherche\/etude-cadocolo-note-dinformation-collective\/"]}]},{"@type":"BreadcrumbList","@id":"https:\/\/www.depistage-cancer.fr\/centre\/informations-recherche\/etude-cadocolo-note-dinformation-collective\/#breadcrumb","itemListElement":[{"@type":"ListItem","position":1,"name":"Accueil","item":"https:\/\/www.depistage-cancer.fr\/centre\/"},{"@type":"ListItem","position":2,"name":"Informations recherche","item":"https:\/\/www.depistage-cancer.fr\/centre\/informations-recherche\/"},{"@type":"ListItem","position":3,"name":"\u00c9tude CaDO-COLO &#8211; Note d\u2019information collective"}]},{"@type":"WebSite","@id":"https:\/\/www.depistage-cancer.fr\/centre\/#website","url":"https:\/\/www.depistage-cancer.fr\/centre\/","name":"Centre de coordination Centre Val de Loire - D\u00e9pistage des cancers","description":"D\u00e9pister, c&#039;est prot\u00e9ger !","publisher":{"@id":"https:\/\/www.depistage-cancer.fr\/centre\/#organization"},"alternateName":"CRCDC Centre Val de Loire","potentialAction":[{"@type":"SearchAction","target":{"@type":"EntryPoint","urlTemplate":"https:\/\/www.depistage-cancer.fr\/centre\/?s={search_term_string}"},"query-input":{"@type":"PropertyValueSpecification","valueRequired":true,"valueName":"search_term_string"}}],"inLanguage":"fr-FR"},{"@type":"Organization","@id":"https:\/\/www.depistage-cancer.fr\/centre\/#organization","name":"Centre de coordination Centre Val de Loire - D\u00e9pistage des cancers","alternateName":"CRCDC Centre Val de Loire","url":"https:\/\/www.depistage-cancer.fr\/centre\/","logo":{"@type":"ImageObject","inLanguage":"fr-FR","@id":"https:\/\/www.depistage-cancer.fr\/centre\/#\/schema\/logo\/image\/","url":"https:\/\/www.depistage-cancer.fr\/centre\/wp-content\/uploads\/2024\/02\/logo-crcdc-cvl.webp","contentUrl":"https:\/\/www.depistage-cancer.fr\/centre\/wp-content\/uploads\/2024\/02\/logo-crcdc-cvl.webp","width":491,"height":238,"caption":"Centre de coordination Centre Val de Loire - D\u00e9pistage des cancers"},"image":{"@id":"https:\/\/www.depistage-cancer.fr\/centre\/#\/schema\/logo\/image\/"},"sameAs":["https:\/\/www.facebook.com\/Depistagedescancers.CVL","https:\/\/www.youtube.com\/@crcdccentre-valdeloire8386"]}]}},"_links":{"self":[{"href":"https:\/\/www.depistage-cancer.fr\/centre\/wp-json\/wp\/v2\/pages\/4532","targetHints":{"allow":["GET"]}}],"collection":[{"href":"https:\/\/www.depistage-cancer.fr\/centre\/wp-json\/wp\/v2\/pages"}],"about":[{"href":"https:\/\/www.depistage-cancer.fr\/centre\/wp-json\/wp\/v2\/types\/page"}],"author":[{"embeddable":true,"href":"https:\/\/www.depistage-cancer.fr\/centre\/wp-json\/wp\/v2\/users\/4"}],"replies":[{"embeddable":true,"href":"https:\/\/www.depistage-cancer.fr\/centre\/wp-json\/wp\/v2\/comments?post=4532"}],"version-history":[{"count":4,"href":"https:\/\/www.depistage-cancer.fr\/centre\/wp-json\/wp\/v2\/pages\/4532\/revisions"}],"predecessor-version":[{"id":4565,"href":"https:\/\/www.depistage-cancer.fr\/centre\/wp-json\/wp\/v2\/pages\/4532\/revisions\/4565"}],"up":[{"embeddable":true,"href":"https:\/\/www.depistage-cancer.fr\/centre\/wp-json\/wp\/v2\/pages\/2115"}],"wp:attachment":[{"href":"https:\/\/www.depistage-cancer.fr\/centre\/wp-json\/wp\/v2\/media?parent=4532"}],"curies":[{"name":"wp","href":"https:\/\/api.w.org\/{rel}","templated":true}]}}